{"id":124,"date":"2024-04-23T08:11:38","date_gmt":"2024-04-23T06:11:38","guid":{"rendered":"https:\/\/plataforma.uicentrodemexico.net\/?page_id=124"},"modified":"2024-05-04T20:50:54","modified_gmt":"2024-05-04T18:50:54","slug":"beneficios","status":"publish","type":"page","link":"https:\/\/plataforma.uicentrodemexico.net\/index.php\/beneficios\/","title":{"rendered":"Beneficios"},"content":{"rendered":"\n<div class=\"wp-block-group alignwide has-lower-background-background-color has-background is-vertical is-content-justification-center is-layout-flex wp-container-core-group-is-layout-1 wp-block-group-is-layout-flex\" style=\"border-style:none;border-width:0px;min-height:0px;padding-top:80px;padding-right:30px;padding-bottom:80px;padding-left:30px\">\n<div class=\"wp-block-columns is-layout-flex wp-container-core-columns-is-layout-1 wp-block-columns-is-layout-flex\">\n<div class=\"wp-block-column is-layout-flow wp-block-column-is-layout-flow\" style=\"flex-basis:100%\">\n<p class=\"has-text-align-center has-background-color has-sky-blue-background-color has-text-color has-background has-link-color has-medium-font-size wp-elements-962d8bda5aed3d4f4cd6398d0c8c0ed2\">Estamos conscientes de que cada instituci\u00f3n tiene sus procesos acad\u00e9micos bien definidos, por lo que es necesario que el software se adec\u00fae al proceso de negocio establecido. Ante este reto Acad\u00e9mico es un sistema flexible que se puede ajustar a las necesidades espec\u00edficas de cada instituci\u00f3n. <\/p>\n\n\n\n<p><\/p>\n<\/div>\n<\/div>\n\n\n\n<div class=\"wp-block-columns alignwide is-layout-flex wp-container-core-columns-is-layout-2 wp-block-columns-is-layout-flex\" style=\"margin-bottom:0\">\n<div class=\"wp-block-column has-border-color has-sky-blue-border-color has-input-field-background-color has-text-color has-background has-link-color wp-elements-2ffd5fd536be3403eb20d5d5d3782651 is-layout-flow wp-block-column-is-layout-flow\" style=\"border-width:3px;color:#000000;padding-top:2em;padding-right:2em;padding-bottom:2em;padding-left:2em\">\n<h2 class=\"wp-block-heading has-text-align-center\" id=\"single\" style=\"font-size:40px\"><strong>Estudiantes<\/strong><\/h2>\n\n\n\n<p class=\"has-text-align-center has-foreground-color has-text-color has-link-color has-normal-font-size wp-elements-da1b36601f98aa4f2780166fc7e3cfdb\" style=\"line-height:1.5\">Provee al estudiante la facilidad de manejar su proceso acad\u00e9mico desde la nube. Acceso a registro acad\u00e9mico, selecci\u00f3n de horarios, consulta de calificaciones, consulta de Kardex y otras funcionalidades a trav\u00e9s de una interfaz intuitiva.<\/p>\n\n\n\n<hr class=\"wp-block-separator has-text-color has-css-opacity has-background is-style-wide\" style=\"background-color:#000000;color:#000000\"\/>\n<\/div>\n\n\n\n<div class=\"wp-block-column has-border-color has-sky-blue-border-color has-input-field-background-color has-text-color has-background has-link-color wp-elements-4016202e7585a92522219320a0c3e1f5 is-layout-flow wp-block-column-is-layout-flow\" style=\"border-width:3px;color:#000000;padding-top:2em;padding-right:2em;padding-bottom:2em;padding-left:2em\">\n<h2 class=\"wp-block-heading has-text-align-center\" id=\"family\" style=\"font-size:40px\"><strong>Instituci\u00f3n <\/strong><\/h2>\n\n\n\n<p class=\"has-text-align-center has-foreground-color has-text-color has-link-color has-normal-font-size wp-elements-f46207a47d4b891a6e0aefe1e1722fd5\" style=\"line-height:1.5\">El proceso acad\u00e9mico de la instituci\u00f3n se ve beneficiado con la automatizaci\u00f3n de las actividades que involucran el proceso acad\u00e9mico. Seguimiento preciso de la informaci\u00f3n en cualquier momento.<\/p>\n\n\n\n<hr class=\"wp-block-separator has-css-opacity is-style-wide\"\/>\n<\/div>\n<\/div>\n<\/div>\n\n\n\n<div class=\"wp-block-group alignwide has-lower-background-background-color has-background is-vertical is-layout-flex wp-container-core-group-is-layout-2 wp-block-group-is-layout-flex\" style=\"border-style:none;border-width:0px;margin-top:0;margin-bottom:0;padding-top:80px;padding-right:30px;padding-bottom:80px;padding-left:30px\">\n<div class=\"wp-block-columns alignwide is-layout-flex wp-container-core-columns-is-layout-3 wp-block-columns-is-layout-flex\" style=\"margin-bottom:0\">\n<div class=\"wp-block-column has-border-color has-sky-blue-border-color has-input-field-background-color has-text-color has-background has-link-color wp-elements-53af8ace5cff84cbd29057855b0e2656 is-layout-flow wp-block-column-is-layout-flow\" style=\"border-width:3px;color:#000000;padding-top:2em;padding-right:2em;padding-bottom:2em;padding-left:2em\">\n<h2 class=\"wp-block-heading has-text-align-center\" id=\"single\" style=\"font-size:40px\"><strong>Docentes<\/strong><\/h2>\n\n\n\n<p class=\"has-text-align-center has-foreground-color has-text-color has-link-color has-normal-font-size wp-elements-d092f8fda18d3f8f0063ef118376784f\" style=\"line-height:1.5\">Facilita a los docentes llevar el registro de sus grupos, calificaciones parciales y finales, generaci\u00f3n de actas y listas de calificaciones en diferentes formatos.<\/p>\n\n\n\n<hr class=\"wp-block-separator has-text-color has-css-opacity has-background is-style-wide\" style=\"background-color:#000000;color:#000000\"\/>\n\n\n\n<ul class=\"has-normal-font-size\">\n<li><\/li>\n<\/ul>\n<\/div>\n\n\n\n<div class=\"wp-block-column has-border-color has-sky-blue-border-color has-input-field-background-color has-text-color has-background has-link-color wp-elements-6845a857c597ba98d85976bd9e8b7452 is-layout-flow wp-block-column-is-layout-flow\" style=\"border-width:3px;color:#000000;padding-top:2em;padding-right:2em;padding-bottom:2em;padding-left:2em\">\n<h2 class=\"wp-block-heading has-text-align-center\" id=\"family\" style=\"font-size:40px\"><strong>Operaci\u00f3n<\/strong><\/h2>\n\n\n\n<p class=\"has-text-align-center has-foreground-color has-text-color has-link-color wp-elements-9004907227b814fbd6304cd22e0fd791\">Para brindar una seguridad eficiente, la informaci\u00f3n usuarios y claves se encuentran encriptados. La informaci\u00f3n se encuentra en servidores en la nube, con una operaci\u00f3n garantizada del 99.9%.<\/p>\n\n\n\n<hr class=\"wp-block-separator has-css-opacity is-style-wide\"\/>\n<\/div>\n<\/div>\n<\/div>\n\n\n\n<div class=\"wp-block-group alignfull has-lower-background-background-color has-background is-vertical is-content-justification-center is-layout-flex wp-container-core-group-is-layout-3 wp-block-group-is-layout-flex\" style=\"border-style:none;border-width:0px;padding-top:80px;padding-right:30px;padding-bottom:80px;padding-left:30px\">\n<div class=\"wp-block-columns alignwide is-layout-flex wp-container-core-columns-is-layout-4 wp-block-columns-is-layout-flex\" style=\"margin-bottom:0\">\n<div class=\"wp-block-column is-vertically-aligned-center has-border-color has-sky-blue-border-color has-input-field-background-color has-text-color has-background has-link-color wp-elements-4a7c17b49a42039a7445aa74ff962103 is-layout-flow wp-block-column-is-layout-flow\" style=\"border-width:3px;color:#000000;padding-top:2em;padding-right:2em;padding-bottom:2em;padding-left:2em\">\n<h2 class=\"wp-block-heading has-text-align-center\" id=\"single\" style=\"font-size:40px\"><strong>Administradores del Sistema<\/strong><\/h2>\n\n\n\n<p class=\"has-text-align-center has-foreground-color has-text-color has-link-color has-normal-font-size wp-elements-47ff6ac382ab50fd20ed17c46ec414af\" style=\"line-height:1.5\">A trav\u00e9s de reportes tendr\u00e1n la oportunidad de conocer el estado que guarda el proceso acad\u00e9mico. Desde la inscripci\u00f3n hasta la generaci\u00f3n de grupos.<\/p>\n\n\n\n<hr class=\"wp-block-separator has-text-color has-css-opacity has-background is-style-wide\" style=\"background-color:#000000;color:#000000\"\/>\n\n\n\n<div class=\"wp-block-buttons alignfull is-horizontal is-content-justification-center is-layout-flex wp-container-core-buttons-is-layout-1 wp-block-buttons-is-layout-flex\"><\/div>\n<\/div>\n<\/div>\n<\/div>\n","protected":false},"excerpt":{"rendered":"<p>Estamos conscientes de que cada instituci\u00f3n tiene sus procesos acad\u00e9micos bien definidos, por lo que es necesario que el software se adec\u00fae al proceso de negocio establecido. Ante este reto Acad\u00e9mico es un sistema flexible que se puede ajustar a las necesidades espec\u00edficas de cada instituci\u00f3n. Estudiantes Provee al estudiante la facilidad de manejar su [&hellip;]<\/p>\n","protected":false},"author":1,"featured_media":0,"parent":0,"menu_order":0,"comment_status":"closed","ping_status":"closed","template":"","meta":{"footnotes":""},"_links":{"self":[{"href":"https:\/\/plataforma.uicentrodemexico.net\/index.php\/wp-json\/wp\/v2\/pages\/124"}],"collection":[{"href":"https:\/\/plataforma.uicentrodemexico.net\/index.php\/wp-json\/wp\/v2\/pages"}],"about":[{"href":"https:\/\/plataforma.uicentrodemexico.net\/index.php\/wp-json\/wp\/v2\/types\/page"}],"author":[{"embeddable":true,"href":"https:\/\/plataforma.uicentrodemexico.net\/index.php\/wp-json\/wp\/v2\/users\/1"}],"replies":[{"embeddable":true,"href":"https:\/\/plataforma.uicentrodemexico.net\/index.php\/wp-json\/wp\/v2\/comments?post=124"}],"version-history":[{"count":17,"href":"https:\/\/plataforma.uicentrodemexico.net\/index.php\/wp-json\/wp\/v2\/pages\/124\/revisions"}],"predecessor-version":[{"id":237,"href":"https:\/\/plataforma.uicentrodemexico.net\/index.php\/wp-json\/wp\/v2\/pages\/124\/revisions\/237"}],"wp:attachment":[{"href":"https:\/\/plataforma.uicentrodemexico.net\/index.php\/wp-json\/wp\/v2\/media?parent=124"}],"curies":[{"name":"wp","href":"https:\/\/api.w.org\/{rel}","templated":true}]}}